t common factor of 75 and b?
3
Let m be 60775/(-104) - (27/(-8) + 3). Let p = -309 - m. Calculate the greatest common factor of p and 75.
25
Suppose 62*v - 66*v = -32. Suppose -2*h + 0 = -v. What is the highest common factor of h and 54?
2
Let o = -111 + 392. Suppose 3*k = 5*d + 1017, -4*d + 74 - 894 = -4*k. Let z = o + d. What is the greatest common factor of z and 32?
16
Let m(g) = -4*g**3 + 92*g**2 + 17*g - 131. Let d be m(23). Calculate the greatest common factor of 1440 and d.
20
Suppose 5*i - 678 = -183. Let g(m) = 23*m**3 + 2*m**2 + 17*m - 20. Let v be g(1). Calculate the greatest common divisor of v and i.
11
Suppose -1426 = -f + 5*u + 2348, 5*f - 18982 = -3*u. Calculate the greatest common divisor of 42 and f.
14
Let t = 32 - -16. Let y be -46*(-7 + 6) - (-16 + 14). What is the highest common divisor of t and y?
48
Suppose 2*n - b + 1058 = 4*n, 0 = -3*n + 3*b + 1578. Let f(z) = z**2 - 2*z - 24. Let r be f(-6). Calculate the highest common divisor of n and r.
24
Let t be (-9)/(-6)*(-60)/(-9). Suppose 0 = w - 21 - t. Suppose -k = -14 - w. What is the highest common divisor of 30 and k?
15
Let d(i) = i**2 - 3*i - 2. Let l be d(-2). Let w(q) = q**2 - 16*q. Let u be w(16). Suppose -t - 2*t + 48 = u. Calculate the highest common divisor of t and l.
8
Let z(o) = -o**2 + 3. Let s be z(3). Let q = 190 - 188. Let j be (-7)/((s/96)/(1/q)). What is the greatest common divisor of 16 and j?
8
Suppose 4*o = -2*r + 13552, 8062 = 4*o - 3*r - 5460. Calculate the highest common divisor of 5 and o.
5
Let m be 187 - -1 - (4/(-30) - 936/1080). Calculate the greatest common factor of 399 and m.
21
Let g = -85 - -100. Suppose 14*r = g*r - 10. Let l(c) = c**3 - 11*c**2 + 23*c - 15. Let f be l(r). What is the highest common factor of 46 and f?
23
Suppose m - 2*m = 38. Let f = 41 + m. Suppose 3 = 3*r, -2*z + 2*r + 7 = -f. What is the highest common divisor of z and 2?
2
Suppose 151 + 199 = 5*g. Suppose -133*v + 6062 = 2331 - 9303. What is the greatest common factor of v and g?
14
Let g be (-1)/(1/(-5)) - (-1961 + 418/22). Calculate the greatest common factor of g and 99.
33
Suppose -7*z + 5 = -2*z. Let s(w) = 5*w**2 - w + 2. Let x be s(z). Suppose -38 = -x*h + 100. What is the highest common factor of 23 and h?
23
Suppose 4*g = -i + 139 + 61, 916 = 5*i - g. Let c = 195 - i. What is the highest common divisor of 143 and c?
11
Let p(y) = -y**3 - 8*y**2 + 26*y**2 - 7 + 13 - y + 13. Let m be p(18). Let a be (0 - 95)/(-1*m). What is the highest common factor of 38 and a?
19
Let c(f) = -17*f - 40. Let b be c(-4). Let o be (-9)/(36/(-23))*b. Calculate the highest common factor of o and 7.
7
Let n(b) = 428*b + 1301. Let c be n(-3). Suppose 3*t - 538 - 476 = 0. Suppose -2*k + 36 + t = 0. Calculate the greatest common factor of c and k.
17
Suppose 5*s = 24 + 6. Let g = -107 - 78. Let b = g + 191. What is the highest common factor of b and s?
6
Suppose 23 = 4*w + 15. Suppose -5*a - 15 = 0, 0 = 2*n + 3*n + 4*a + w. Suppose n*s - 28 = 36. What is the greatest common divisor of s and 96?
32
Let x be (((-30)/(-9))/(-5))/((-3)/(-18)). Let c(s) = 3*s**2 + 9*s - 3. Let z be c(x). What is the greatest common factor of 72 and z?
9
Let r(l) = -4*l**2 - 88*l + 22. Let a be r(-22). Suppose 25*t - 270 = a*t. Calculate the greatest common divisor of t and 36.
18
Suppose -10666 + 2080 = -27*y. Suppose 0 = 4*i + y - 1618. What is the greatest common divisor of i and 65?
65
Let o = -334 - -454. Let d = -137 + 145. What is the highest common divisor of d and o?
8
Suppose 189*r - 203*r + 4592 = 0. Calculate the greatest common divisor of 88 and r.
8
Suppose 5*s = 43 + 27. Suppose s = 5*i - 46. Let d be (-13 + -27)*((-48)/5)/8. Calculate the highest common factor of i and d.
12
Let n be (-14)/(36091/(-2255) + 16). Calculate the greatest common divisor of 40 and n.
10
Suppose 0 = -12*g - 80 + 212. Let n be -6 - (34/(-3))/(14/21). Calculate the highest common factor of n and g.
11
Let r(z) = 11*z - 60. Let u(g) = -g**3 + 2*g**2 + 11*g - 5. Let q be u(4). Let n be r(q). What is the highest common divisor of n and 289?
17
Let r(p) = 19*p + 3. Let d be r(3). Suppose 0*a = -4*a - 40. Let v(s) = s**2 + 9*s + 10. Let w be v(a). What is the highest common factor of d and w?
20
Suppose -5*l + 4*l = 0. Let x = -24 + 31. Suppose l = 2*a - u - 18, 2*u - x*u - 2 = -2*a. What is the greatest common factor of 99 and a?
11
Let y(j) = 2*j**3 - 4*j**2 - 7*j - 16. Let c be y(7). Let r(o) = o**3 + 7*o**2 + 2*o + 1. Let b be r(-6). What is the greatest common factor of b and c?
25
Let h be 56/6 + (-8)/(-12). Suppose h*y + 8 = 14*y. Suppose -4*o = y*b - 38, -2*b - 48 = -5*b - 3*o. What is the highest common factor of b and 117?
13
Suppose -2*r + 4*c + 94 = 0, 8*r - 9*r = 4*c - 65. Calculate the greatest common divisor of r and 7526.
53
Let x(t) = 13*t**2 - 8*t - 2. Let b be x(-8). Let g = -501 + b. Suppose 312 = 5*m - g. Calculate the highest common divisor of m and 47.
47
Let v = 101 + -21. Let a(d) = 7*d**2 + 281*d + 60. Let n be a(-40). Calculate the greatest common divisor of v and n.
20
Let q(b) = 16*b**2 - 30. Let c be q(-6). Let v(a) = a**2 - 21*a + 103. Let h be v(6). What is the highest common divisor of h and c?
13
Let y(g) = g + 1. Let a be y(-3). Let i(o) = 7*o**2 - 3*o. Let q be i(a). Calculate the greatest common divisor of q and 17.
17
Suppose -7*g = -73 + 10. Let s(j) = g + 0*j + 0*j - j - 6. Let k be s(-3). What is the highest common factor of k and 15?
3
Suppose 0 = -3*h - 2*l + 500, h - 95*l + 93*l = 164. What is the highest common divisor of h and 5561?
83
Let u(m) = 215*m + 356. Let k be u(-1). Calculate the highest common divisor of 21 and k.
3
Suppose -3*s - 364 - 3920 = -3*j, -7147 = -5*j + 4*s. Calculate the highest common factor of j and 7749.
287
Let r = 12594 - 2646. Calculate the highest common divisor of r and 12.
12
Let y be 3/5 + (42738/170 - 15). Calculate the highest common divisor of y and 8611.
79
Let x(c) = -4*c**2 - 32*c - 18. Let j be x(-10). Let g = j - -138. Calculate the highest common divisor of 72 and g.
8
Let q = -215 - -247. Calculate the highest common divisor of q and 6368.
32
Let s(a) = -a**2 + 23*a - 26. Let h be s(26). Let i = h + 103. Let t(z) = 5*z**2 + 3*z + 2. Let r be t(i). Calculate the greatest common factor of 10 and r.
2
Suppose -2*a + 5 = -3*g, 4*a - 40 + 9 = -g. Suppose -74 = -p - 2*x, 3*p - 5*x - 213 = -13. Calculate the highest common factor of a and p.
7
Let x(i) = 37*i - 17. Let t be 5/70*6 - (-96)/21. Let d be x(t). What is the greatest common divisor of 21 and d?
21
Let m be 0 + 616/(-3) + (-6)/9. Let t = 11 - m. What is the highest common divisor of t and 31?
31
Let l = -315 + 570. Let u = -196 + 212. Suppose -u*i = -11*i - l. What is the greatest common divisor of i and 51?
51
Let j be -2 + 2 + 19/((-266)/(-1904)). What is the greatest common divisor of j and 24?
8
Suppose -4*b - 15 = 1. Let t be (-1)/(b/872) + 2. Suppose 0 = 125*n - 95*n - 2640. What is the highest common factor of n and t?
44
Let a = -75 + 215. Let i(v) be the first derivative of 17*v**2/2 - 11*v + 42. Let y be i(3). What is the highest common divisor of a and y?
20
Suppose 5*g - 4*p - 51 = 0, 0 = -3*p + 3. Let w(k) = -15*k - 17 + 8*k - 8*k - g*k**2 - k**3. Let a be w(-10). What is the greatest common divisor of 22 and a?
11
Suppose -8 = -d + 8*x, -38*d + x + 31 = -36*d. Calculate the greatest common factor of 116 and d.
4
Suppose 4*r = -3*v + 859, -6*r + 9*r = -5*v + 1428. What is the greatest common divisor of 247 and v?
19
Suppose 2*m - 3*z = 17, 10 - 1 = 4*m - z. Calculate the greatest common factor of m and 2.
1
Suppose z = 5*z. Suppose o - 5 - 11 = z. Let p(w) = -458*w - 3094. Let t be p(-7). What is the highest common factor of o and t?
16
Let h(g) = 23*g**2 - 46*g + 82. Let a be h(2). What is the highest common factor of 2 and a?
2
Let c(t) = 5*t**2 + 5*t + 4. Let m be c(-3). Let x = -17 + m. Let j = -12748 + 12765. What is the highest common divisor of j and x?
17
Suppose -65*l - 481 = -78*l. Suppose 680 = 54*h - l*h. What is the greatest common factor of 640 and h?
40
Let s(z) = 162*z**2 - 2600*z - 18. Let d be s(19). What is the highest common divisor of 103 and d?
103
Suppose -5*j + 14 + 69 = y, -4*j - 230 = -3*y. Calculate the highest common factor of 494 and